SET FOREIGN_KEY_CHECKS=0;
SET SQL_MODE = "NO_AUTO_VALUE_ON_ZERO";
SET AUTOCOMMIT = 0;
START TRANSACTION;
SET time_zone = "+00:00";

INSERT IGNORE INTO `level` (`id`, `level`, `points`) VALUES
(1, 1, 1000);
INSERT IGNORE INTO `level_translation` (`id`, `name`, `lang`) VALUES
(1, 'Nivel 1', 'es');
INSERT IGNORE INTO `profile` (`id`, `rank`, `activated`) VALUES
(1, 1, 1);
INSERT IGNORE INTO `profile_translation` (`id`, `name`, `description`, `lang`) VALUES
(1, 'Trabajador', NULL, 'es');
INSERT IGNORE INTO `piece` (`id`, `rank`, `color`, `num_categories`) VALUES
(1, 1, '#0000ff', 3),
(2, 2, '#00ff00', 3),
(3, 3, '#ff0000', 3),
(4, 4, '#ffff00', 3),
(5, 5, '#00ffff', 3),
(6, 6, '#ff00ff', 3);
INSERT IGNORE INTO `piece_translation` (`id`, `name`, `description`, `lang`) VALUES
(1, 'Verde', '', 'es'),
(2, 'Amarillo', '', 'es'),
(3, 'Naranja', '', 'es'),
(4, 'Rosa', '', 'es'),
(5, 'Celeste', '', 'es'),
(6, 'Morado', '', 'es');
INSERT IGNORE INTO `piece_level` (`id`, `piece_id`, `level_id`) VALUES
(2, 1, 1),
(3, 2, 1),
(4, 3, 1),
(5, 4, 1),
(6, 5, 1),
(7, 6, 1);
INSERT IGNORE INTO `profile_piece` (`id`, `profile_id`, `piece_id`) VALUES
(1, 1, 1),
(2, 1, 2),
(3, 1, 3),
(4, 1, 4),
(5, 1, 5),
(6, 1, 6);
INSERT IGNORE INTO `category` (`id`, `piece_id`, `multimedia_id`, `num_questions`) VALUES
(1, 1, NULL, 1),
(2, 1, NULL, 1),
(3, 1, NULL, 1),
(4, 1, NULL, 1),
(5, 1, NULL, 1),
(6, 1, NULL, 1),
(7, 1, NULL, 1),
(8, 1, NULL, 1),
(9, 1, NULL, 1),
(10, 2, NULL, 1),
(11, 2, NULL, 1),
(12, 2, NULL, 1),
(13, 2, NULL, 1),
(14, 2, NULL, 1),
(15, 2, NULL, 1),
(16, 2, NULL, 1),
(17, 2, NULL, 1),
(18, 2, NULL, 1),
(19, 2, NULL, 1),
(20, 2, NULL, 1),
(21, 2, NULL, 1),
(22, 2, NULL, 1),
(23, 2, NULL, 1),
(24, 2, NULL, 1),
(25, 2, NULL, 1),
(26, 2, NULL, 1),
(27, 2, NULL, 1),
(28, 2, NULL, 1),
(29, 2, NULL, 1),
(30, 2, NULL, 1),
(31, 2, NULL, 1),
(32, 2, NULL, 1),
(33, 3, NULL, 1),
(34, 3, NULL, 1),
(35, 3, NULL, 1),
(36, 3, NULL, 1),
(37, 3, NULL, 1),
(38, 3, NULL, 1),
(39, 3, NULL, 1),
(40, 3, NULL, 1),
(41, 3, NULL, 1),
(42, 3, NULL, 1),
(43, 3, NULL, 1),
(44, 3, NULL, 1),
(45, 3, NULL, 1),
(46, 3, NULL, 1),
(47, 3, NULL, 1),
(48, 3, NULL, 1),
(49, 3, NULL, 1),
(50, 3, NULL, 1),
(51, 3, NULL, 1),
(52, 3, NULL, 1),
(53, 3, NULL, 1),
(54, 3, NULL, 1),
(55, 3, NULL, 1),
(56, 3, NULL, 1),
(57, 4, NULL, 1),
(58, 4, NULL, 1),
(59, 4, NULL, 1),
(60, 4, NULL, 1),
(61, 4, NULL, 1),
(62, 4, NULL, 1),
(63, 4, NULL, 1),
(64, 4, NULL, 1),
(65, 4, NULL, 1),
(66, 4, NULL, 1),
(67, 4, NULL, 1),
(68, 4, NULL, 1),
(69, 4, NULL, 1),
(70, 4, NULL, 1),
(71, 4, NULL, 1),
(72, 4, NULL, 1),
(73, 4, NULL, 1),
(74, 4, NULL, 1),
(75, 4, NULL, 1),
(76, 4, NULL, 1),
(77, 4, NULL, 1),
(78, 4, NULL, 1),
(79, 4, NULL, 1),
(80, 4, NULL, 1),
(81, 4, NULL, 1),
(82, 4, NULL, 1),
(83, 4, NULL, 1),
(84, 5, NULL, 1),
(85, 5, NULL, 1),
(86, 5, NULL, 1),
(87, 5, NULL, 1),
(88, 5, NULL, 1),
(89, 5, NULL, 1),
(90, 6, NULL, 1),
(91, 6, NULL, 1),
(92, 6, NULL, 1),
(93, 6, NULL, 1),
(94, 6, NULL, 1),
(95, 6, NULL, 1),
(96, 6, NULL, 1),
(97, 6, NULL, 1),
(98, 6, NULL, 1);
INSERT IGNORE INTO `question` (`id`, `piece_id`, `type`, `category_id`, `multimedia_id`, `exercise_type`, `feedback_ok`, `feedback_error`, `feedback_time`, `rank`) VALUES
(1, 1, 'normal', 1, NULL, NULL, 1, 2, NULL, 1),
(2, 1, 'normal', 2, NULL, NULL, 1, 2, NULL, 1),
(3, 1, 'normal', 3, NULL, NULL, 1, 2, NULL, 1),
(4, 1, 'normal', 4, NULL, NULL, 1, 2, NULL, 2),
(5, 1, 'normal', 5, NULL, NULL, 1, 2, NULL, 2),
(6, 1, 'normal', 6, NULL, NULL, 1, 2, NULL, 2),
(7, 1, 'normal', 7, NULL, NULL, 1, 2, NULL, 3),
(8, 1, 'normal', 8, NULL, NULL, 1, 2, NULL, 3),
(9, 1, 'normal', 9, NULL, NULL, 1, 2, NULL, 3),
(10, 2, 'normal', 10, NULL, NULL, 1, 2, NULL, 1),
(11, 2, 'normal', 11, NULL, NULL, 1, 2, NULL, 1),
(12, 2, 'normal', 12, NULL, NULL, 1, 2, NULL, 1),
(13, 2, 'normal', 13, NULL, NULL, 1, 2, NULL, 2),
(14, 2, 'normal', 14, NULL, NULL, 1, 2, NULL, 2),
(15, 2, 'normal', 15, NULL, NULL, 1, 2, NULL, 2),
(16, 2, 'normal', 16, NULL, NULL, 1, 2, NULL, 3),
(17, 2, 'normal', 17, NULL, NULL, 1, 2, NULL, 3),
(18, 2, 'normal', 18, NULL, NULL, 1, 2, NULL, 3),
(19, 2, 'normal', 19, NULL, NULL, 1, 2, NULL, 4),
(20, 2, 'normal', 20, NULL, NULL, 1, 2, NULL, 4),
(21, 2, 'normal', 21, NULL, NULL, 1, 2, NULL, 4),
(22, 2, 'normal', 22, NULL, NULL, 1, 2, NULL, 5),
(23, 2, 'normal', 23, NULL, NULL, 1, 2, NULL, 5),
(24, 2, 'normal', 24, NULL, NULL, 1, 2, NULL, 5),
(25, 2, 'normal', 25, NULL, NULL, 1, 2, NULL, 6),
(26, 2, 'normal', 26, NULL, NULL, 1, 2, NULL, 6),
(27, 2, 'normal', 27, NULL, NULL, 1, 2, NULL, 6),
(28, 2, 'normal', 28, NULL, NULL, 1, 2, NULL, 7),
(29, 2, 'normal', 29, NULL, NULL, 1, 2, NULL, 7),
(30, 2, 'normal', 30, NULL, NULL, 1, 2, NULL, 7),
(31, 2, 'normal', 31, NULL, NULL, 1, 2, NULL, 8),
(32, 2, 'normal', 32, NULL, NULL, 1, 2, NULL, 8),
(33, 3, 'normal', 33, NULL, NULL, 1, 2, NULL, 1),
(34, 3, 'normal', 34, NULL, NULL, 1, 2, NULL, 1),
(35, 3, 'normal', 35, NULL, NULL, 1, 2, NULL, 1),
(36, 3, 'normal', 36, NULL, NULL, 1, 2, NULL, 2),
(37, 3, 'normal', 37, NULL, NULL, 1, 2, NULL, 2),
(38, 3, 'normal', 38, NULL, NULL, 1, 2, NULL, 2),
(39, 3, 'normal', 39, NULL, NULL, 1, 2, NULL, 3),
(40, 3, 'normal', 40, NULL, NULL, 1, 2, NULL, 3),
(41, 3, 'normal', 41, NULL, NULL, 1, 2, NULL, 3),
(42, 3, 'normal', 42, NULL, NULL, 1, 2, NULL, 4),
(43, 3, 'normal', 43, NULL, NULL, 1, 2, NULL, 4),
(44, 3, 'normal', 44, NULL, NULL, 1, 2, NULL, 4),
(45, 3, 'normal', 45, NULL, NULL, 1, 2, NULL, 5),
(46, 3, 'normal', 46, NULL, NULL, 1, 2, NULL, 5),
(47, 3, 'normal', 47, NULL, NULL, 1, 2, NULL, 5),
(48, 3, 'normal', 48, NULL, NULL, 1, 2, NULL, 6),
(49, 3, 'normal', 49, NULL, NULL, 1, 2, NULL, 6),
(50, 3, 'normal', 50, NULL, NULL, 1, 2, NULL, 6),
(51, 3, 'normal', 51, NULL, NULL, 1, 2, NULL, 7),
(52, 3, 'normal', 52, NULL, NULL, 1, 2, NULL, 7),
(53, 3, 'normal', 53, NULL, NULL, 1, 2, NULL, 7),
(54, 3, 'normal', 54, NULL, NULL, 1, 2, NULL, 8),
(55, 3, 'normal', 55, NULL, NULL, 1, 2, NULL, 8),
(56, 3, 'normal', 56, NULL, NULL, 1, 2, NULL, 8),
(57, 4, 'normal', 57, NULL, NULL, 1, 2, NULL, 1),
(58, 4, 'normal', 58, NULL, NULL, 1, 2, NULL, 1),
(59, 4, 'normal', 59, NULL, NULL, 1, 2, NULL, 1),
(60, 4, 'normal', 60, NULL, NULL, 1, 2, NULL, 2),
(61, 4, 'normal', 61, NULL, NULL, 1, 2, NULL, 2),
(62, 4, 'normal', 62, NULL, NULL, 1, 2, NULL, 2),
(63, 4, 'normal', 63, NULL, NULL, 1, 2, NULL, 3),
(64, 4, 'normal', 64, NULL, NULL, 1, 2, NULL, 3),
(65, 4, 'normal', 65, NULL, NULL, 1, 2, NULL, 3),
(66, 4, 'normal', 66, NULL, NULL, 1, 2, NULL, 4),
(67, 4, 'normal', 67, NULL, NULL, 1, 2, NULL, 4),
(68, 4, 'normal', 68, NULL, NULL, 1, 2, NULL, 4),
(69, 4, 'normal', 69, NULL, NULL, 1, 2, NULL, 5),
(70, 4, 'normal', 70, NULL, NULL, 1, 2, NULL, 5),
(71, 4, 'normal', 71, NULL, NULL, 1, 2, NULL, 5),
(72, 4, 'normal', 72, NULL, NULL, 1, 2, NULL, 6),
(73, 4, 'normal', 73, NULL, NULL, 1, 2, NULL, 6),
(74, 4, 'normal', 74, NULL, NULL, 1, 2, NULL, 6),
(75, 4, 'normal', 75, NULL, NULL, 1, 2, NULL, 7),
(76, 4, 'normal', 76, NULL, NULL, 1, 2, NULL, 7),
(77, 4, 'normal', 77, NULL, NULL, 1, 2, NULL, 7),
(78, 4, 'normal', 78, NULL, NULL, 1, 2, NULL, 8),
(79, 4, 'normal', 79, NULL, NULL, 1, 2, NULL, 8),
(80, 4, 'normal', 80, NULL, NULL, 1, 2, NULL, 8),
(81, 4, 'normal', 81, NULL, NULL, 1, 2, NULL, 9),
(82, 4, 'normal', 82, NULL, NULL, 1, 2, NULL, 9),
(83, 4, 'normal', 83, NULL, NULL, 1, 2, NULL, 9),
(84, 5, 'normal', 84, NULL, NULL, 1, 2, NULL, 1),
(85, 5, 'normal', 85, NULL, NULL, 1, 2, NULL, 1),
(86, 5, 'normal', 86, NULL, NULL, 1, 2, NULL, 1),
(87, 5, 'normal', 87, NULL, NULL, 1, 2, NULL, 2),
(88, 5, 'normal', 88, NULL, NULL, 1, 2, NULL, 2),
(89, 5, 'normal', 89, NULL, NULL, 1, 2, NULL, 2),
(90, 6, 'normal', 90, NULL, NULL, 1, 2, NULL, 3),
(91, 6, 'normal', 91, NULL, NULL, 1, 2, NULL, 3),
(92, 6, 'normal', 92, NULL, NULL, 1, 2, NULL, 3),
(93, 6, 'normal', 93, NULL, NULL, 1, 2, NULL, 4),
(94, 6, 'normal', 94, NULL, NULL, 1, 2, NULL, 4),
(95, 6, 'normal', 95, NULL, NULL, 1, 2, NULL, 4),
(96, 6, 'normal', 96, NULL, NULL, 1, 2, NULL, 5),
(97, 6, 'normal', 97, NULL, NULL, 1, 2, NULL, 5),
(98, 6, 'normal', 98, NULL, NULL, 1, 2, NULL, 5);
INSERT IGNORE INTO `question_translation` (`id`, `name`, `question`, `question_data`, `lang`) VALUES
(1, NULL, '¿Cuándo y de qué unión surgió Uvesco?', NULL, 'es'),
(2, NULL, '¿Cuántos establecimientos tiene el Grupo Uvesco, de forma aproximada?', NULL, 'es'),
(3, NULL, 'La filosofía y planteamiento de negocio del Grupo Uvesco están basados fundamentalmente en ofrecer al cliente:', NULL, 'es'),
(4, NULL, 'Uvesco, en su firme apuesta por el producto fresco y local, crea la marca:', NULL, 'es'),
(5, NULL, 'Señala la respuesta correcta en relación al sello “Selecta”:', NULL, 'es'),
(6, NULL, '¿Qué acción pueden realizar desde 2016 los clientes, gracias a la transformación digital?', NULL, 'es'),
(7, NULL, 'Señala la respuesta INCORRECTA en relación a las Tarjetas BM y Super Amara:', NULL, 'es'),
(8, NULL, '¿Cómo se llama la Tarjeta exclusiva para empleados?', NULL, 'es'),
(9, NULL, 'Una parte importante de nuestra actividad está enfocada en la', NULL, 'es'),
(10, NULL, 'A los clientes, se les trata de usted:', NULL, 'es'),
(11, NULL, 'A la hora de reponer:', NULL, 'es'),
(12, NULL, '¿Cuál de las siguientes afirmaciones en cuanto al embolsado es INCORRECTA?', NULL, 'es'),
(13, NULL, 'Si el cliente no ha traído la tarjeta de cliente físicamente, pero dispone de ella:', NULL, 'es'),
(14, NULL, 'Cuando un cliente quiere hacerse la tarjeta BM, ¿dónde puede entregar el folleto de solicitud?', NULL, 'es'),
(15, NULL, 'Señala la respuesta INCORRECTA en relación a la limpieza de las cajas:', NULL, 'es'),
(16, NULL, 'De los siguientes objetos, ¿cuál está permitido tener en caja?', NULL, 'es'),
(17, NULL, 'De abajo a arriba, ¿cómo embolsarías los siguientes productos?', NULL, 'es'),
(18, NULL, 'Señala la respuesta incorrecta en relación al uso del guante de malla en carnicería:', NULL, 'es'),
(19, NULL, '¿Cuándo llega el boletín semanal que contiene toda la información y las ofertas?', NULL, 'es'),
(20, NULL, '¿Cuándo es necesario cambiarse el guante de látex en la carnicería?', NULL, 'es'),
(21, NULL, '¿Qué elemento de seguridad es el más importante para evitar cortes y accidentes al deshuesas piezas grandes?', NULL, 'es'),
(22, NULL, 'Señala la respuesta INCORRECTA:', NULL, 'es'),
(23, NULL, '¿Cuándo se suele tener más stock de producto y se preparara más género?', NULL, 'es'),
(24, NULL, 'Hacer un seguimiento de los productos nuevos, preguntando qué les han parecido a los clientes, permite:', NULL, 'es'),
(25, NULL, '¿Qué acción llevaremos a cabo ante un cliente descontento para intentar compensarle?', NULL, 'es'),
(26, NULL, 'Si un cliente nos pide un producto que no tenemos:', NULL, 'es'),
(27, NULL, '¿Cómo empaquetamos los productos de charcutería de forma general?', NULL, 'es'),
(28, NULL, 'La chapa identificativa colocada en el uniforme la llevan:', NULL, 'es'),
(29, NULL, 'El género “nuevo” de la frutería se coloca:', NULL, 'es'),
(30, NULL, 'Si un cliente nos pide ayuda mientras estamos reponiendo:', NULL, 'es'),
(31, NULL, '¿Cuáles son las frutas cortadas que más se venden?', NULL, 'es'),
(32, NULL, '¿Qué acciones llevamos a cabo para intentar potenciar la fruta Selecta y que sea más atractiva para el cliente?', NULL, 'es'),
(33, NULL, 'Los productos en oferta de la sección de frutería son:', NULL, 'es'),
(34, NULL, 'Cuando el cliente nos hace una reclamación sobre un producto:', NULL, 'es'),
(35, NULL, '¿Cómo podemos hacer que el mostrador de pescadería resulte visualmente más atractivo?', NULL, 'es'),
(36, NULL, '¿Dónde se colocan las ofertas en el mostrador de pescadería?', NULL, 'es'),
(37, NULL, 'El perejil que se encuentra en la sección de pescadería es para:', NULL, 'es'),
(38, NULL, 'Los productos de pescadería:', NULL, 'es'),
(39, NULL, 'Señala la respuesta correcta:', NULL, 'es'),
(40, NULL, 'En el pescado hay que echar abundante hielo. Sobre todo…', NULL, 'es'),
(41, NULL, 'A medida que se va vendiendo el género, hay que:', NULL, 'es'),
(42, NULL, 'Si encontramos género que no cumple las condiciones de calidad:', NULL, 'es'),
(43, NULL, 'Ayudamos y aconsejamos a los clientes:', NULL, 'es'),
(44, NULL, 'En caso de enfermedad cutánea, de vías respiratorias o padecimiento infeccioso:', NULL, 'es'),
(45, NULL, 'En las secciones de producto fresco, si se tiene una herida:', NULL, 'es'),
(46, NULL, '¿Cuál de los siguientes accesorios está permitido en la sección de caja, siempre que no dificulte la labor de cobro y embolsado?', NULL, 'es'),
(47, NULL, '¿Cuál de los siguientes objetos personales está permitido tener en el puesto de trabajo?', NULL, 'es'),
(48, NULL, 'En el caso de que un útil o máquina de trabajo no funcione correctamente:', NULL, 'es'),
(49, NULL, 'El código personal que se usa en la línea de cajas:', NULL, 'es'),
(50, NULL, 'Señale la respuesta incorrecta:', NULL, 'es'),
(51, NULL, 'Las compras personales deben realizarse:', NULL, 'es'),
(52, NULL, 'Las compras personales que haga el encargado/a:', NULL, 'es'),
(53, NULL, 'Señala la respuesta correcta:', NULL, 'es'),
(54, NULL, 'En los meses de junio y diciembre, ¿qué porcentaje se aplica a los/as empleados/as sus compras?', NULL, 'es'),
(55, NULL, 'Los vales de descuento por las compras:', NULL, 'es'),
(56, NULL, 'Se obtienen 10 puntos Cluvesco:', NULL, 'es'),
(57, NULL, 'El personal de Grupo Uvesco podrá hacer uso de la Tarjeta Cluvesco en las compras que realice:', NULL, 'es'),
(58, NULL, 'El incumplimiento de las obligaciones en materia de prevención de riesgos laborales, se considera una falta:', NULL, 'es'),
(59, NULL, '¿Qué ocurre con las vacaciones no disfrutadas durante el año en curso?', NULL, 'es'),
(60, NULL, 'Como norma general, ¿en cuántos turnos se disfrutarán las vacaciones?', NULL, 'es'),
(61, NULL, 'En caso de accidente laboral, ¿dónde hay que acudir por norma general?', NULL, 'es'),
(62, NULL, 'En caso de baja médica, ¿cuál es el plazo máximo para entregar el parte médico al encargado/a?', NULL, 'es'),
(63, NULL, 'Si vas a reincorporar a trabajar un lunes, tras una baja médica, ¿qué día debe figurar en el alta médica?', NULL, 'es'),
(64, NULL, '¿Qué datos deben reflejar como mínimo los justificantes de ausencia por visita médica?', NULL, 'es'),
(65, NULL, 'Las ausencias al puesto de trabajo deben ser notificadas previamente al encargado/a con una antelación mínima de:', NULL, 'es'),
(66, NULL, 'Las latas de conservan se consideran:', NULL, 'es'),
(67, NULL, '¿Cuál de las siguientes acciones supone un peligro de contaminación cruzada directa?', NULL, 'es'),
(68, NULL, 'El lavado de manos y los planes de limpieza y desinfección son herramientas para evitar:', NULL, 'es'),
(69, NULL, 'Para limpiezas sobre la marcha utilizaremos:', NULL, 'es'),
(70, NULL, '¿El cocinado de un alimento garantiza su seguridad?', NULL, 'es'),
(71, NULL, '¿Cuál de los siguientes alimentos es uno de los 14 alérgenos que exige reflejar la norma?', NULL, 'es'),
(72, NULL, '¿De qué forma se reflejan los alérgenos en las etiquetas de los productos?', NULL, 'es'),
(73, NULL, '¿A qué temperatura deben estar las cámaras y expositores?', NULL, 'es'),
(74, NULL, 'La manipulación de fruta, siempre debe hacerse con guantes:', NULL, 'es'),
(75, NULL, '¿Qué es el Compliance?', NULL, 'es'),
(76, NULL, '¿Cuál de las siguientes cuestiones recoge el Código Ético o Compliance?', NULL, 'es'),
(77, NULL, '¿Qué conducta podemos adoptar para proteger el medio ambiente?', NULL, 'es'),
(78, NULL, '¿Son sancionados los incumplimientos del Código Ético?', NULL, 'es'),
(79, NULL, '¿Para qué se crea el Órgano de Supervisión y Control (OSYC)?', NULL, 'es'),
(80, NULL, '¿Qué previene el Compliance?', NULL, 'es'),
(81, NULL, 'El Compliance recoge:', NULL, 'es'),
(82, NULL, '¿Cuántos miembros componen el Órgano de Supervisión y Control (OSYC)?', NULL, 'es'),
(83, NULL, '¿Cuál es una tarea del Órgano de Supervisión y Control (OSYC)?', NULL, 'es'),
(84, NULL, 'Una de las medidas para la prevención de caídas es:', NULL, 'es'),
(85, NULL, '¿Cómo debe ser utilizado el guante de malla en la sección de carnicería?', NULL, 'es'),
(86, NULL, 'Una de las medidas de prevención para evitar cortes en la sección de pescadería es:', NULL, 'es'),
(87, NULL, '¿Cómo evitaremos lesiones o molestias derivadas por levantar cajas pesadas?', NULL, 'es'),
(88, NULL, '¿Sabes lo que debes hacer cuando surge un problema entre compañeros de trabajo?', NULL, 'es'),
(89, NULL, '¿Sabrías cómo actuar cuando se producen heridas pequeñas?', NULL, 'es'),
(90, NULL, 'El orden correcto de los 3 pasos básicos ante una emergencia es:', NULL, 'es'),
(91, NULL, '¿Qué medida de seguridad fundamental hay que seguir a la hora de trabajar cerca o dentro de una cámara de frio?', NULL, 'es'),
(92, NULL, '¿Cuándo puedes eliminar las protecciones de seguridad de las máquinas?', NULL, 'es'),
(93, NULL, 'La Tarjeta Cluvesco permite:', NULL, 'es'),
(94, NULL, '¿Cómo pueden canjearse los puntos Cluvesco?', NULL, 'es'),
(95, NULL, '¿Cuál de las siguientes acciones no genera puntos Cluvesco?', NULL, 'es'),
(96, NULL, '¿Cuándo caducan los puntos Cluvesco?', NULL, 'es'),
(97, NULL, '¿Cada cuánto tiempo se publican las píldoras formativas de forma general?', NULL, 'es'),
(98, NULL, '¿Cuántas tarjetas Cluvesco tiene cada trabajador/a?', NULL, 'es');
INSERT IGNORE INTO `question_option` (`id`, `question_id`, `is_correct`, `rank`) VALUES
(1, 1, 1, 1),
(2, 1, 0, 2),
(3, 1, 0, 3),
(4, 2, 0, 1),
(5, 2, 1, 2),
(6, 2, 0, 3),
(7, 3, 0, 1),
(8, 3, 1, 2),
(9, 3, 0, 3),
(10, 4, 1, 1),
(11, 4, 0, 2),
(12, 4, 0, 3),
(13, 5, 0, 1),
(14, 5, 0, 2),
(15, 5, 1, 3),
(16, 6, 1, 1),
(17, 6, 0, 2),
(18, 6, 0, 3),
(19, 7, 0, 1),
(20, 7, 0, 2),
(21, 7, 1, 3),
(22, 8, 1, 1),
(23, 8, 0, 2),
(24, 8, 0, 3),
(25, 9, 0, 1),
(26, 9, 0, 2),
(27, 9, 1, 3),
(28, 10, 0, 1),
(29, 10, 0, 2),
(30, 10, 1, 3),
(31, 11, 0, 1),
(32, 11, 0, 2),
(33, 11, 1, 3),
(34, 12, 1, 1),
(35, 12, 0, 2),
(36, 12, 0, 3),
(37, 13, 0, 1),
(38, 13, 1, 2),
(39, 13, 0, 3),
(40, 14, 1, 1),
(41, 14, 0, 2),
(42, 14, 0, 3),
(43, 15, 0, 1),
(44, 15, 0, 2),
(45, 15, 1, 3),
(46, 16, 0, 1),
(47, 16, 1, 2),
(48, 16, 0, 3),
(49, 17, 1, 1),
(50, 17, 0, 2),
(51, 17, 0, 3),
(52, 18, 1, 1),
(53, 18, 0, 2),
(54, 18, 0, 3),
(55, 19, 0, 1),
(56, 19, 0, 2),
(57, 19, 1, 3),
(58, 20, 0, 1),
(59, 20, 0, 2),
(60, 20, 1, 3),
(61, 21, 0, 1),
(62, 21, 1, 2),
(63, 21, 0, 3),
(64, 22, 1, 1),
(65, 22, 0, 2),
(66, 22, 0, 3),
(67, 23, 0, 1),
(68, 23, 0, 2),
(69, 23, 1, 3),
(70, 24, 0, 1),
(71, 24, 0, 2),
(72, 24, 1, 3),
(73, 25, 1, 1),
(74, 25, 0, 2),
(75, 25, 0, 3),
(76, 26, 0, 1),
(77, 26, 0, 2),
(78, 26, 1, 3),
(79, 27, 0, 1),
(80, 27, 0, 2),
(81, 27, 1, 3),
(82, 28, 0, 1),
(83, 28, 0, 2),
(84, 28, 1, 3),
(85, 29, 1, 1),
(86, 29, 0, 2),
(87, 29, 0, 3),
(88, 30, 0, 1),
(89, 30, 0, 2),
(90, 30, 1, 3),
(91, 31, 1, 1),
(92, 31, 0, 2),
(93, 31, 0, 3),
(94, 32, 0, 1),
(95, 32, 0, 2),
(96, 32, 1, 3),
(97, 33, 0, 1),
(98, 33, 1, 2),
(99, 33, 0, 3),
(100, 34, 0, 1),
(101, 34, 1, 2),
(102, 34, 0, 3),
(103, 35, 1, 1),
(104, 35, 0, 2),
(105, 35, 0, 3),
(106, 36, 0, 1),
(107, 36, 0, 2),
(108, 36, 1, 3),
(109, 37, 0, 1),
(110, 37, 1, 2),
(111, 37, 0, 3),
(112, 38, 1, 1),
(113, 38, 0, 2),
(114, 38, 0, 3),
(115, 39, 0, 1),
(116, 39, 0, 2),
(117, 39, 1, 3),
(118, 40, 0, 1),
(119, 40, 1, 2),
(120, 40, 0, 3),
(121, 41, 0, 1),
(122, 41, 0, 2),
(123, 41, 1, 3),
(124, 42, 1, 1),
(125, 42, 0, 2),
(126, 42, 0, 3),
(127, 43, 0, 1),
(128, 43, 0, 2),
(129, 43, 1, 3),
(130, 44, 0, 1),
(131, 44, 1, 2),
(132, 44, 0, 3),
(133, 45, 0, 1),
(134, 45, 0, 2),
(135, 45, 1, 3),
(136, 46, 0, 1),
(137, 46, 0, 2),
(138, 46, 1, 3),
(139, 47, 0, 1),
(140, 47, 0, 2),
(141, 47, 1, 3),
(142, 48, 0, 1),
(143, 48, 1, 2),
(144, 48, 0, 3),
(145, 49, 1, 1),
(146, 49, 0, 2),
(147, 49, 0, 3),
(148, 50, 0, 1),
(149, 50, 0, 2),
(150, 50, 1, 3),
(151, 51, 1, 1),
(152, 51, 0, 2),
(153, 51, 0, 3),
(154, 52, 0, 1),
(155, 52, 0, 2),
(156, 52, 1, 3),
(157, 53, 0, 1),
(158, 53, 0, 2),
(159, 53, 1, 3),
(160, 54, 0, 1),
(161, 54, 1, 2),
(162, 54, 0, 3),
(163, 55, 0, 1),
(164, 55, 1, 2),
(165, 55, 0, 3),
(166, 56, 0, 1),
(167, 56, 1, 2),
(168, 56, 0, 3),
(169, 57, 1, 1),
(170, 57, 0, 2),
(171, 57, 0, 3),
(172, 58, 1, 1),
(173, 58, 0, 2),
(174, 58, 0, 3),
(175, 59, 0, 1),
(176, 59, 1, 2),
(177, 59, 0, 3),
(178, 60, 0, 1),
(179, 60, 1, 2),
(180, 60, 0, 3),
(181, 61, 1, 1),
(182, 61, 0, 2),
(183, 61, 0, 3),
(184, 62, 0, 1),
(185, 62, 0, 2),
(186, 62, 1, 3),
(187, 63, 0, 1),
(188, 63, 0, 2),
(189, 63, 1, 3),
(190, 64, 0, 1),
(191, 64, 0, 2),
(192, 64, 1, 3),
(193, 65, 0, 1),
(194, 65, 1, 2),
(195, 65, 0, 3),
(196, 66, 0, 1),
(197, 66, 1, 2),
(198, 66, 0, 3),
(199, 67, 1, 1),
(200, 67, 0, 2),
(201, 67, 0, 3),
(202, 68, 1, 1),
(203, 68, 0, 2),
(204, 68, 0, 3),
(205, 69, 0, 1),
(206, 69, 1, 2),
(207, 69, 0, 3),
(208, 70, 0, 1),
(209, 70, 0, 2),
(210, 70, 1, 3),
(211, 71, 0, 1),
(212, 71, 0, 2),
(213, 71, 1, 3),
(214, 72, 0, 1),
(215, 72, 1, 2),
(216, 72, 0, 3),
(217, 73, 0, 1),
(218, 73, 0, 2),
(219, 73, 1, 3),
(220, 74, 0, 1),
(221, 74, 1, 2),
(222, 74, 0, 3),
(223, 75, 0, 1),
(224, 75, 1, 2),
(225, 75, 0, 3),
(226, 76, 0, 1),
(227, 76, 1, 2),
(228, 76, 0, 3),
(229, 77, 0, 1),
(230, 77, 0, 2),
(231, 77, 1, 3),
(232, 78, 0, 1),
(233, 78, 1, 2),
(234, 78, 0, 3),
(235, 79, 0, 1),
(236, 79, 1, 2),
(237, 79, 0, 3),
(238, 80, 0, 1),
(239, 80, 0, 2),
(240, 80, 1, 3),
(241, 81, 1, 1),
(242, 81, 0, 2),
(243, 81, 0, 3),
(244, 82, 1, 1),
(245, 82, 0, 2),
(246, 82, 0, 3),
(247, 83, 0, 1),
(248, 83, 0, 2),
(249, 83, 1, 3),
(250, 84, 0, 1),
(251, 84, 0, 2),
(252, 84, 1, 3),
(253, 85, 0, 1),
(254, 85, 0, 2),
(255, 85, 1, 3),
(256, 86, 1, 1),
(257, 86, 0, 2),
(258, 86, 0, 3),
(259, 87, 0, 1),
(260, 87, 0, 2),
(261, 87, 1, 3),
(262, 88, 0, 1),
(263, 88, 1, 2),
(264, 88, 0, 3),
(265, 89, 0, 1),
(266, 89, 1, 2),
(267, 89, 0, 3),
(268, 90, 0, 1),
(269, 90, 0, 2),
(270, 90, 1, 3),
(271, 91, 0, 1),
(272, 91, 0, 2),
(273, 91, 1, 3),
(274, 92, 0, 1),
(275, 92, 0, 2),
(276, 92, 1, 3),
(277, 93, 0, 1),
(278, 93, 0, 2),
(279, 93, 1, 3),
(280, 94, 0, 1),
(281, 94, 1, 2),
(282, 94, 0, 3),
(283, 95, 0, 1),
(284, 95, 0, 2),
(285, 95, 1, 3),
(286, 96, 1, 1),
(287, 96, 0, 2),
(288, 96, 0, 3),
(289, 97, 0, 1),
(290, 97, 1, 2),
(291, 97, 0, 3),
(292, 98, 0, 1),
(293, 98, 0, 2),
(294, 98, 1, 3);
INSERT IGNORE INTO `question_option_translation` (`id`, `content`, `feedback`, `option_data`, `lang`) VALUES
(1, 'En 1993, de la unión de Unialco y Ves.', NULL, NULL, 'es'),
(2, 'En 1983, de la unión de Unialco y Vesco.', NULL, NULL, 'es'),
(3, 'En 1993, de la unión de Uves y Unialco.', NULL, NULL, 'es'),
(4, '100', NULL, NULL, 'es'),
(5, '200', NULL, NULL, 'es'),
(6, '500', NULL, NULL, 'es'),
(7, 'Precios bajos', NULL, NULL, 'es'),
(8, 'Calidad excelente', NULL, NULL, 'es'),
(9, 'Gran surtido de marcas blancas', NULL, NULL, 'es'),
(10, '“De aquí” o “Bertako”', NULL, NULL, 'es'),
(11, 'Selecta', NULL, NULL, 'es'),
(12, 'Ambas son correctas', NULL, NULL, 'es'),
(13, 'Garantiza la calidad y frescura de los productos, de origen de proveedores locales.', NULL, NULL, 'es'),
(14, 'Garantiza que se trata de alimentos procedentes de agricultura ecológica.', NULL, NULL, 'es'),
(15, 'Garantiza la calidad y frescura de los productos que se encuentran en su momento óptimo de consumo.', NULL, NULL, 'es'),
(16, 'Hacer la compra desde cualquier dispositivo con acceso a Internet y recibirla cómodamente en su domicilio.', NULL, NULL, 'es'),
(17, 'Implantación de wifi en las tiendas y la posibilidad de hacer el pago con el móvil y las operaciones de Tarjeta BM a través de una app.', NULL, NULL, 'es'),
(18, 'Ambas son correctas.', NULL, NULL, 'es'),
(19, 'Ambas son gratuitas', NULL, NULL, 'es'),
(20, 'Permiten a nuestros clientes acumular descuentos y obtener regalos al realizar sus compras.', NULL, NULL, 'es'),
(21, 'Ambas pueden utilizarse indistintamente en ambos supermercados.', NULL, NULL, 'es'),
(22, 'Tarjeta Cluvesco', NULL, NULL, 'es'),
(23, 'Tarjeta BM', NULL, NULL, 'es'),
(24, 'Tarjeta Emplead@s', NULL, NULL, 'es'),
(25, 'Colaboración con entidades no lucrativas y colectivos sociales.', NULL, NULL, 'es'),
(26, 'Patrocinio de clubs y la organización de eventos deportivos, colaboramos con asociaciones no lucrativas y otros.', NULL, NULL, 'es'),
(27, 'Ambas respuestas son correctas.', NULL, NULL, 'es'),
(28, 'Siempre', NULL, NULL, 'es'),
(29, 'Nunca. Se les trata de tú para mostrar cercanía', NULL, NULL, 'es'),
(30, 'De forma general, a no ser que nos digan expresamente que no les tratemos de usted.', NULL, NULL, 'es'),
(31, 'Siempre hay que hacerlo con guantes.', NULL, NULL, 'es'),
(32, 'Nunca hay que hacerlo con guantes.', NULL, NULL, 'es'),
(33, 'Hay que reponer con guantes si luego se va a estar en caja.', NULL, NULL, 'es'),
(34, 'Solo embolsamos en las bolsas de nuestro supermercado, si el cliente trae bolsas de fuera, no está permitido embolsarles en ellas.', NULL, NULL, 'es'),
(35, 'Lo que más pesa lo embolsamos abajo y lo más ligero o delicado, en la parte de arriba.', NULL, NULL, 'es'),
(36, 'Se va embolsando en función de la categoría del producto (pescado, droguería…)', NULL, NULL, 'es'),
(37, 'Lamentablemente no puede beneficiarse de los descuentos, ya que es necesario tener la tarjeta física para ello.', NULL, NULL, 'es'),
(38, 'Si nos facilita su DNI o teléfono, puede beneficiarse de todas las ventajas, descuentos y promociones asociados a la tarjeta.', NULL, NULL, 'es'),
(39, 'Si nos facilita su DNI o teléfono, puede beneficiarse de los posibles descuentos asociados a su compra, pero no se le podrán entregar los sellos de las promociones si no es con la tarjeta física.', NULL, NULL, 'es'),
(40, 'En cualquier supermercado BM.', NULL, NULL, 'es'),
(41, 'En el supermercado BM habitual del cliente, porque es ahí donde van a aplicarse los descuentos.', NULL, NULL, 'es'),
(42, 'En el supermercado BM donde ha pedido el impreso de solicitud.', NULL, NULL, 'es'),
(43, 'Los productos de limpieza se encuentran en la caja 1, al ser la más amplia.', NULL, NULL, 'es'),
(44, 'La persona que está en la caja 1, limpia todas las cajas en los ratos libres y a primera hora de la mañana, que es cuando hay menos clientes.', NULL, NULL, 'es'),
(45, 'Cuando una caja se mancha, al poner pescado encima, por ejemplo, se llama al compañero de la caja 1 para que venga cuando pueda a limpiarla.', NULL, NULL, 'es'),
(46, 'Móvil', NULL, NULL, 'es'),
(47, 'Pañuelos', NULL, NULL, 'es'),
(48, 'Pulseras', NULL, NULL, 'es'),
(49, 'Latas, huevos, pan de molde.', NULL, NULL, 'es'),
(50, 'Huevos, latas, pan de molde.', NULL, NULL, 'es'),
(51, 'Pan de molde, latas, huevos.', NULL, NULL, 'es'),
(52, 'El guante de malla es un elemento imprescindible al utilizar la sierra, para evitar cortes.', NULL, NULL, 'es'),
(53, 'El guante de malla se debe usar siempre cuando se tenga un cuchillo en la otra mano.', NULL, NULL, 'es'),
(54, 'Hay que poner un guante de látex encima del guante de malla para evitar que se ensucie.', NULL, NULL, 'es'),
(55, 'Los viernes', NULL, NULL, 'es'),
(56, 'Los sábados', NULL, NULL, 'es'),
(57, 'Los miércoles', NULL, NULL, 'es'),
(58, 'Al pasar de la carnicería a la charcutería y viceversa.', NULL, NULL, 'es'),
(59, 'Cuando esté sucio o roto.', NULL, NULL, 'es'),
(60, 'Ambas respuestas con correctas', NULL, NULL, 'es'),
(61, 'Guante de malla', NULL, NULL, 'es'),
(62, 'Peto metálico', NULL, NULL, 'es'),
(63, 'Gafas de seguridad', NULL, NULL, 'es'),
(64, 'Al cerrar la tienda se deja la carne en el mostrador, para tenerlo todo listo para la apertura del día siguiente.', NULL, NULL, 'es'),
(65, 'Es importante retirar el producto viejo y montar el producto fresco.', NULL, NULL, 'es'),
(66, 'El mostrador de carnicería debe estar siempre lleno de género, separando cada producto.', NULL, NULL, 'es'),
(67, 'Los lunes, de cara a tener género para toda la semana.', NULL, NULL, 'es'),
(68, 'Los lunes y los jueves: de cara al inicio y la mitad de semana.', NULL, NULL, 'es'),
(69, 'Los viernes y fines de semana, al haber mayor demanda.', NULL, NULL, 'es'),
(70, 'Obtener una información muy valiosa sobre los nuevos productos.', NULL, NULL, 'es'),
(71, 'Mostar interés y cercanía hacia el cliente, algo que suelen valorar mucho.', NULL, NULL, 'es'),
(72, 'Ambas respuestas son correctas.', NULL, NULL, 'es'),
(73, 'Le devolveremos el dinero o le daremos un nuevo producto.', NULL, NULL, 'es'),
(74, 'Le haremos un descuento del 20% en los nuevos productos que haya adquirido.', NULL, NULL, 'es'),
(75, 'Le pediremos disculpas, pero no le compensaremos económicamente ni le daremos nuevos productos.', NULL, NULL, 'es'),
(76, 'Podemos pedirle el teléfono e intentaremos conseguírselo llamando a la central o a una tienda cercana.', NULL, NULL, 'es'),
(77, 'Podemos ofrecerle algún producto de similares características y aconsejarle.', NULL, NULL, 'es'),
(78, 'Ambas respuestas con correctas.', NULL, NULL, 'es'),
(79, 'Envasados al vacío.', NULL, NULL, 'es'),
(80, 'En bandejas enfilmadas.', NULL, NULL, 'es'),
(81, 'Primero en papel, luego enfilmado y por último embolsado.', NULL, NULL, 'es'),
(82, 'Los encargados/as', NULL, NULL, 'es'),
(83, 'El personal de caja', NULL, NULL, 'es'),
(84, 'Todos los empleados del supermercado.', NULL, NULL, 'es'),
(85, 'En las partes inferiores.', NULL, NULL, 'es'),
(86, 'En las partes superiores.', NULL, NULL, 'es'),
(87, 'De arriba abajo.', NULL, NULL, 'es'),
(88, 'Terminamos de reponer y después le atendemos.', NULL, NULL, 'es'),
(89, 'Le decimos que pida ayuda a otro compañero que se encuentre libre en ese momento.', NULL, NULL, 'es'),
(90, 'Dejamos de reponer y le atendemos.', NULL, NULL, 'es'),
(91, 'Piñas y melones.', NULL, NULL, 'es'),
(92, 'Melones y sandías.', NULL, NULL, 'es'),
(93, 'Piñas y sandías.', NULL, NULL, 'es'),
(94, 'La ponemos en bandejas.', NULL, NULL, 'es'),
(95, 'La damos a probar.', NULL, NULL, 'es'),
(96, 'Ambas respuestas son correctas.', NULL, NULL, 'es'),
(97, 'Productos de menor calidad o bajo calibre que se venden más baratos.', NULL, NULL, 'es'),
(98, 'Productos de buena calidad que se deciden promocionan en un momento dado.', NULL, NULL, 'es'),
(99, 'Ambas respuestas con correctas.', NULL, NULL, 'es'),
(100, 'Le solicitamos el ticket para justificar la compra del producto y si todo está correcto le devolvemos el dinero o le ofrecemos un producto nuevo.', NULL, NULL, 'es'),
(101, 'No es necesario que nos enseñe el ticket. Escuchamos su reclamación, pedimos disculpas y le ofrecemos una devolución del dinero o un producto nuevo.', NULL, NULL, 'es'),
(102, 'No es necesario que nos enseñe el ticket. Escuchamos su reclamación y le pedimos disculpas por las molestias ocasionadas.', NULL, NULL, 'es'),
(103, 'Colocar los productos en relieve.', NULL, NULL, 'es'),
(104, 'Colocar los productos cocidos intercalados con los productos frescos.', NULL, NULL, 'es'),
(105, 'Echar muy poco hielo a los productos, para que se vean bien.', NULL, NULL, 'es'),
(106, 'En el lateral derecho del mostrador.', NULL, NULL, 'es'),
(107, 'En el lateral izquierdo del mostrador.', NULL, NULL, 'es'),
(108, 'En el centro del mostrador.', NULL, NULL, 'es'),
(109, 'Adornar el mostrador de la sección.', NULL, NULL, 'es'),
(110, 'Ofrecer al cliente.', NULL, NULL, 'es'),
(111, 'Ambas respuestas son correctas.', NULL, NULL, 'es'),
(112, 'Van embolsados como mínimo en 2 bolsas.', NULL, NULL, 'es'),
(113, 'Se envuelven en una superficie húmeda.', NULL, NULL, 'es'),
(114, 'Se pesan sin papel.', NULL, NULL, 'es'),
(115, 'En cuanto se acerca un cliente a la pescadería le preguntamos qué desea comprar.', NULL, NULL, 'es'),
(116, 'No podemos informar de las ofertas antes de que lleguen.', NULL, NULL, 'es'),
(117, 'Pueden realizarse pedidos por teléfono.', NULL, NULL, 'es'),
(118, '…en la parte de abajo.', NULL, NULL, 'es'),
(119, '…en la parte de arriba.', NULL, NULL, 'es'),
(120, '…en los mariscos.', NULL, NULL, 'es'),
(121, 'Reponer el mostrador con más género.', NULL, NULL, 'es'),
(122, 'Recolocar el género que queda en el mostrador.', NULL, NULL, 'es'),
(123, 'Ambas respuestas son correctas.', NULL, NULL, 'es'),
(124, 'Se lo notificamos al encargado/a.', NULL, NULL, 'es'),
(125, 'Los devolvemos a Central.', NULL, NULL, 'es'),
(126, 'Lo tiramos al contenedor.', NULL, NULL, 'es'),
(127, 'Si nos lo solicitan.', NULL, NULL, 'es'),
(128, 'Si los vemos indecisos.', NULL, NULL, 'es'),
(129, 'Ambas respuestas son correctas.', NULL, NULL, 'es'),
(130, 'No acudimos a trabajar.', NULL, NULL, 'es'),
(131, 'Se lo comunicamos al encargado/a.', NULL, NULL, 'es'),
(132, 'Usamos mascarilla y guantes.', NULL, NULL, 'es'),
(133, 'Se deja al aire para que se seque.', NULL, NULL, 'es'),
(134, 'Se tapa con una tirita.', NULL, NULL, 'es'),
(135, 'Se cubre con un vendaje y encima se coloca un dedil o guante impermeable.', NULL, NULL, 'es'),
(136, 'Piercings', NULL, NULL, 'es'),
(137, 'Pulseras', NULL, NULL, 'es'),
(138, 'Alianza', NULL, NULL, 'es'),
(139, 'Móvil, siempre que se haga un uso responsable.', NULL, NULL, 'es'),
(140, 'Dinero, si se tiene guardado convenientemente.', NULL, NULL, 'es'),
(141, 'No está permitido el uso de ningún objeto personal en el puesto de trabajo.', NULL, NULL, 'es'),
(142, 'Se llama a la Central para que envíen un técnico a que lo repare.', NULL, NULL, 'es'),
(143, 'Se avisa al encargado/a para que haga las gestiones pertinentes para su reparación.', NULL, NULL, 'es'),
(144, 'Intentamos repararlo nosotros mismos, para que esté cuando antes de nuevo operativo.', NULL, NULL, 'es'),
(145, 'No se puede transmitir a nadie.', NULL, NULL, 'es'),
(146, 'Puede transmitirse solo a los otros compañeros/as que trabajan en la línea de cajas.', NULL, NULL, 'es'),
(147, 'Puede transmitirse a todos los compañeros del supermercado.', NULL, NULL, 'es'),
(148, 'No se puede intercambiar dinero entre cajas.', NULL, NULL, 'es'),
(149, 'Cada persona es responsable de las diferencias de su arqueo diario de caja.', NULL, NULL, 'es'),
(150, 'Debemos firmar el arqueo al final de turno y guardarlo en la caja.', NULL, NULL, 'es'),
(151, 'A última hora de la jornada laboral.', NULL, NULL, 'es'),
(152, 'A última hora del día.', NULL, NULL, 'es'),
(153, 'En los descansos del turno.', NULL, NULL, 'es'),
(154, 'Puede cobrárselas él/ella mismo/a, siempre que guarde el ticket acreditativo.', NULL, NULL, 'es'),
(155, 'Puede cobrárselas él/ella mismo/a, pero debe estar presente otra persona del centro.', NULL, NULL, 'es'),
(156, 'Debe cobrarle otra persona del centro.', NULL, NULL, 'es'),
(157, 'Solo utilizaremos los productos consumibles que dispongamos en tienda.', NULL, NULL, 'es'),
(158, 'Los productos consumibles de tienda nos llegan semanalmente desde Central.', NULL, NULL, 'es'),
(159, 'Si necesitamos productos consumibles y no disponemos de ellos en tienda, los pediremos a Central.', NULL, NULL, 'es'),
(160, '20%.', NULL, NULL, 'es'),
(161, '10%, con el límite máximo mensual habitual incrementado en un 20%.', NULL, NULL, 'es'),
(162, '10%, con el mismo límite máximo mensual que el resto de meses.', NULL, NULL, 'es'),
(163, 'Se entregan a final de mes, calculados en base a las compras acumuladas en la tarjeta durante ese mes.', NULL, NULL, 'es'),
(164, 'Se entregan al inicio del mes, calculados en base a las compras acumuladas en la tarjeta durante el mes anterior.', NULL, NULL, 'es'),
(165, 'Se entregan a final de mes, calculados en base a las compras acumuladas en la tarjeta durante el mes anterior.', NULL, NULL, 'es'),
(166, 'Por cada euro de compra.', NULL, NULL, 'es'),
(167, 'Por cada euro de compra que se realice por encima del límite de descuento.', NULL, NULL, 'es'),
(168, 'Por cada euro de compra siempre y cuando no se haya superado el límite de descuento.', NULL, NULL, 'es'),
(169, 'En cualquier supermercado del Grupo.', NULL, NULL, 'es'),
(170, 'Únicamente en el supermercado en el que desarrolle su actividad laboral.', NULL, NULL, 'es'),
(171, 'En los supermercados BM o Super Amara, en función de si trabaja en un BM o Super Amara.', NULL, NULL, 'es'),
(172, 'Grave.', NULL, NULL, 'es'),
(173, 'Moderada.', NULL, NULL, 'es'),
(174, 'Leve,', NULL, NULL, 'es'),
(175, 'Éstas se perderán, sin excepción.', NULL, NULL, 'es'),
(176, 'Se perderán salvo excepciones (enfermedad, maternidad, embarazo de riesgo y las debidamente justificadas). En estos casos se disfrutarán necesariamente en enero y febrero del año siguiente.', NULL, NULL, 'es'),
(177, 'Se tiene la opción de acumularlas para el año siguiente o bien compensarlas económicamente.', NULL, NULL, 'es'),
(178, 'En un turno.', NULL, NULL, 'es'),
(179, 'En dos turnos.', NULL, NULL, 'es'),
(180, 'En tres turnos.', NULL, NULL, 'es'),
(181, 'A los centros asistenciales de la mutua.', NULL, NULL, 'es'),
(182, 'Al centro de salud u hospital más cercano.', NULL, NULL, 'es'),
(183, 'Indistintamente, a uno u otro centro.', NULL, NULL, 'es'),
(184, 'En mismo día de la fecha de la baja.', NULL, NULL, 'es'),
(185, 'Al día siguiente a la fecha de la baja.', NULL, NULL, 'es'),
(186, 'En los 2 días siguientes a la fecha de la baja.', NULL, NULL, 'es'),
(187, 'El lunes, día de la reincorporación.', NULL, NULL, 'es'),
(188, 'El viernes, día hábil anterior al día de la reincorporación.', NULL, NULL, 'es'),
(189, 'El domingo, día anterior a la fecha de reincorporación.', NULL, NULL, 'es'),
(190, 'El nombre del trabajador y la fecha de la consulta.', NULL, NULL, 'es'),
(191, 'El nombre del trabajador, el nombre de la empresa y la fecha de consulta.', NULL, NULL, 'es'),
(192, 'El nombre del trabajador, la fecha de consulta, así como hora de entrada y salida de la misma.', NULL, NULL, 'es'),
(193, '72 horas.', NULL, NULL, 'es'),
(194, '48 horas.', NULL, NULL, 'es'),
(195, '24 horas.', NULL, NULL, 'es'),
(196, 'Alimentos perecederos', NULL, NULL, 'es'),
(197, 'Alimentos no perecederos', NULL, NULL, 'es'),
(198, 'Alimentos de consumo básico', NULL, NULL, 'es'),
(199, 'Colocar juntos productos cocidos y crudos.', NULL, NULL, 'es'),
(200, 'Utilizar trapos para limpiar las superficies.', NULL, NULL, 'es'),
(201, 'Ambas respuestas son correctas.', NULL, NULL, 'es'),
(202, 'La contaminación cruzada indirecta', NULL, NULL, 'es'),
(203, 'La contaminación cruzada directa.', NULL, NULL, 'es'),
(204, 'Ambos tipos de contaminaciones.', NULL, NULL, 'es'),
(205, 'Bayetas.', NULL, NULL, 'es'),
(206, 'Papel desechable.', NULL, NULL, 'es'),
(207, 'Ninguno de los dos.', NULL, NULL, 'es'),
(208, 'Sí, ya que así se matan todas las posibles bacterias presentes en el alimento.', NULL, NULL, 'es'),
(209, 'No, solo se matan todas las posibles bacterias y toxinas presentes en un alimento si éste se congela.', NULL, NULL, 'es'),
(210, 'No, aunque un cocinado suficiente puede llegar a matar las bacterias y los patógenos, hay algunas toxinas e histaminas que pueden estar presentes en los alimentos incluso después de ser cocinados.', NULL, NULL, 'es'),
(211, 'Fruta', NULL, NULL, 'es'),
(212, 'Arroz', NULL, NULL, 'es'),
(213, 'Sulfitos/ Dióxido de azufre', NULL, NULL, 'es'),
(214, 'Aparecen en primer lugar en el listado de ingredientes.', NULL, NULL, 'es'),
(215, 'Están destacados tipográficamente (negrita, subrayado…) en la lista de ingredientes.', NULL, NULL, 'es'),
(216, 'Ambas son correctas.', NULL, NULL, 'es'),
(217, 'Entre 0 y 2ºC', NULL, NULL, 'es'),
(218, 'Entre 2 y 4ºC', NULL, NULL, 'es'),
(219, 'Entre 0 y 4ºC', NULL, NULL, 'es'),
(220, 'De látex.', NULL, NULL, 'es'),
(221, 'De nitrilo o de clientes.', NULL, NULL, 'es'),
(222, 'Lo importante es que se manipule con guantes, el material de los mismos es indiferente.', NULL, NULL, 'es'),
(223, 'Es la obligación que tienen los empleados de leer las normas del Grupo.', NULL, NULL, 'es'),
(224, 'Es la obligación que tienen los empleados de cumplir con las normas internas del Grupo.', NULL, NULL, 'es'),
(225, 'Es la obligación de estar al día de las novedades relacionadas con el Grupo.', NULL, NULL, 'es'),
(226, 'Las obligaciones del Grupo Uvesco con sus empleados.', NULL, NULL, 'es'),
(227, 'La misión, la visión y los valores del Grupo Uvesco.', NULL, NULL, 'es'),
(228, 'Las ventajas de los empleados por formar parte del Grupo Uvesco.', NULL, NULL, 'es'),
(229, 'Mantener el puesto de trabajo limpio.', NULL, NULL, 'es'),
(230, 'Cumplir con las normas de prevención de riesgos laborales.', NULL, NULL, 'es'),
(231, 'Minimizar la generación de recursos.', NULL, NULL, 'es'),
(232, 'No, el contenido del Código es meramente informativo.', NULL, NULL, 'es'),
(233, 'Sí, ya que su cumplimiento es obligatorio.', NULL, NULL, 'es'),
(234, 'Solo si se incumple más de 3 veces.', NULL, NULL, 'es'),
(235, 'Para vigilar que los empleados cumplen su horario.', NULL, NULL, 'es'),
(236, 'Para la gestión de las consultas y posibles denuncias relacionadas con el Código Ético.', NULL, NULL, 'es'),
(237, 'Para controlar el comportamiento de los empleados respecto al Código Ético.', NULL, NULL, 'es'),
(238, 'Las faltas de asistencia continuadas.', NULL, NULL, 'es'),
(239, 'La falta de respecto de los clientes hacia los empleados.', NULL, NULL, 'es'),
(240, 'La comisión de delitos.', NULL, NULL, 'es'),
(241, 'Los procedimientos y controles para minimizar el riesgo de que las personas que forman parte del Grupo cometan actuaciones inadecuadas.', NULL, NULL, 'es'),
(242, 'Las quejas de los clientes, registradas en el buzón de sugerencias.', NULL, NULL, 'es'),
(243, 'Un registro de los actos delictivos de los empleados.', NULL, NULL, 'es'),
(244, 'Tres: un presidente, un secretario y un vocal.', NULL, NULL, 'es'),
(245, 'Uno: un representante delegado.', NULL, NULL, 'es'),
(246, 'Dos: un presidente y un representante de los trabajadores.', NULL, NULL, 'es'),
(247, 'Tramitar y gestionar las consultas y denuncias planteadas a través del buzón ético.', NULL, NULL, 'es'),
(248, 'Evaluar y realizar un informe anual sobre el grado de cumplimiento del Código y del Modelo de Compliance.', NULL, NULL, 'es'),
(249, 'Ambas respuestas son correctas.', NULL, NULL, 'es'),
(250, 'Utilizar guantes.', NULL, NULL, 'es'),
(251, 'Descansar cada cierto tiempo.', NULL, NULL, 'es'),
(252, 'Mantener el orden y la limpieza en la zona de trabajo.', NULL, NULL, 'es'),
(253, 'Siempre en la mano contraria a la que se sujeta la herramienta de corte.', NULL, NULL, 'es'),
(254, 'Siempre en tareas de limpieza de cuchillos o máquinas.', NULL, NULL, 'es'),
(255, 'Las dos respuestas son correctas.', NULL, NULL, 'es'),
(256, 'Utilizar los guantes anticorte.', NULL, NULL, 'es'),
(257, 'Descansar cada cierto tiempo.', NULL, NULL, 'es'),
(258, 'Mantener el orden y limpieza en la zona de trabajo y los suelos limpios.', NULL, NULL, 'es'),
(259, 'Flexionando las rodillas cuando vamos a levantar peso.', NULL, NULL, 'es'),
(260, 'Utilizando medios mecánicos para transportar productos.', NULL, NULL, 'es'),
(261, 'Las dos opciones son correctas.', NULL, NULL, 'es'),
(262, 'Notificarlo inmediatamente a un superior o responsable de RRHH.', NULL, NULL, 'es'),
(263, 'Dialogar sobre el problema, de forma calmada y respetuosa entre compañeros/as.', NULL, NULL, 'es'),
(264, 'Evitar cualquier contacto con tu compañero/a.', NULL, NULL, 'es'),
(265, 'Acudir directamente a urgencias y no hacer nada sin supervisión médica.', NULL, NULL, 'es'),
(266, 'Lavar la zona con agua y jabón y tapar la herida con gasas estériles.', NULL, NULL, 'es'),
(267, 'Llamar al teléfono de emergencias: 112.', NULL, NULL, 'es'),
(268, 'Proteger-socorrer-avisar', NULL, NULL, 'es'),
(269, 'Avisar-proteger-socorrer', NULL, NULL, 'es'),
(270, 'Proteger-avisar-socorrer', NULL, NULL, 'es'),
(271, 'Apagar las cámaras antes de entrar a trabajar en ellas.', NULL, NULL, 'es'),
(272, 'Llevar calzado de seguridad.', NULL, NULL, 'es'),
(273, 'Usar ropa adecuada para el frío.', NULL, NULL, 'es'),
(274, 'Cuando utilices los EPIs adecuados: guantes, gafas, chaleco de protección, etc.', NULL, NULL, 'es'),
(275, 'Si has comprobado que los cables y los enchufes de la máquina están en buen estado.', NULL, NULL, 'es'),
(276, 'Nunca se deben eliminar dichas protecciones.', NULL, NULL, 'es'),
(277, 'Beneficiarte de promociones y descuentos por realizar compras en los establecimientos del Grupo.', NULL, NULL, 'es'),
(278, 'Disfrutar de todas las ventajas del Sistema Cluvesco Regalos.', NULL, NULL, 'es'),
(279, 'Ambas respuestas son correctas.', NULL, NULL, 'es'),
(280, 'Únicamente a través de la web.', NULL, NULL, 'es'),
(281, 'A través de la web y por teléfono.', NULL, NULL, 'es'),
(282, 'Rellenando el formulario correspondiente y entregándoselo al encargado/a.', NULL, NULL, 'es'),
(283, 'Responder a los cuestionarios asociados a las píldoras formativas que se publican periódicamente.', NULL, NULL, 'es'),
(284, 'Por cada 1€ de compra que se haga por encima del límite de descuento en los establecimientos del Grupo.', NULL, NULL, 'es'),
(285, 'Por cada 2.000€ diarios que se facturen en el establecimiento en el que trabajemos.', NULL, NULL, 'es'),
(286, 'Los puntos obtenidos durante un año natural, si no se utilizan, caducarán el 31 de diciembre del 3º año transcurrido desde su obtención.', NULL, NULL, 'es'),
(287, 'Los puntos obtenidos durante un año natural, si no se utilizan, caducarán el 31 de diciembre del 2º año transcurrido desde su obtención.', NULL, NULL, 'es'),
(288, 'Los puntos obtenidos durante un año natural, si no se utilizan, caducarán el 31 de diciembre de ese mismo año.', NULL, NULL, 'es'),
(289, 'Semanalmente.', NULL, NULL, 'es'),
(290, 'Quincenalmente.', NULL, NULL, 'es'),
(291, 'Mensualmente.', NULL, NULL, 'es'),
(292, 'Una, es una tarjeta personal e intransferible.', NULL, NULL, 'es'),
(293, 'Una, que puede utilizar además del trabajador, sus familiares de 1º grado.', NULL, NULL, 'es'),
(294, 'Dos, una para el trabajador, que es personal e intransferible y otra para ser utilizada por el resto de personas de la unidad familiar.', NULL, NULL, 'es');
INSERT IGNORE INTO `feedback` (`id`, `predeterminado`, `type`) VALUES
(1, 1, 'ok'),
(2, 1, 'error');
INSERT IGNORE INTO `feedback_translation` (`id`, `texto`, `lang`) VALUES
(1, '', 'es'),
(2, '', 'es');
SET FOREIGN_KEY_CHECKS=1;
COMMIT;


